t n(l) = l**3 + l**2 + l. Let p(y) = c*n(y) - g(y). What are the prime factors of p(4)?
5
Suppose 3*h - 6*h = 2*s - 75, -5*s + 200 = -5*h. What are the prime factors of s?
3, 13
Suppose 7*q - 16 = 971. Let t = q - 85. What are the prime factors of t?
2, 7
Suppose -2*f + 4*v = -26, v = 6 - 1. Suppose 15 = a - 7. Suppose 3*z = a + f. What are the prime factors of z?
3, 5
Let t(h) = 66*h - 15. What are the prime factors of t(5)?
3, 5, 7
Let s(c) = c + 2. Let z be (0/(2/(-1)))/2. Let a be s(z). What are the prime factors of (-2)/(a*(-1)/7)?
7
Let c(b) = b**3 - b**2 - 4*b + 10. List the prime factors of c(3).
2
Let p(j) = -j - 6. Let q be p(-7). List the prime factors of q/4 + (-669)/(-12).
2, 7
Let x(w) = w**3 + 9*w**2 - 9*w + 5. Let h be x(-10). Let f be ((-8)/h)/(4/20). What are the prime factors of ((-4)/f)/(1/(-12))?
2, 3
Let h = -251 - -413. What are the prime factors of h?
2, 3
Suppose -k + 6*k - 580 = 0. What are the prime factors of k?
2, 29
Let q = -234 + 541. List the prime factors of q.
307
Let p = 0 + 0. Suppose 2*x = -7*s + 3*s + 12, 4*s - 18 = -5*x. Suppose x*a - 7*a = 5*l - 35, p = 2*a + l - 9. List the prime factors of a.
2
Let l be 2 - ((-4)/2 + 0). Suppose h + l*h + j - 42 = 0, 42 = 4*h - 2*j. List the prime factors of h.
3
Suppose 2*z - 3 = 59. List the prime factors of z.
31
Let d = -22 + 34. List the prime factors of d.
2, 3
Suppose 5*s - 4*s = 4*d - 52, 0 = -3*d + 4*s + 39. List the prime factors of d.
13
Suppose 21 = 4*i - 3*b, -i - b - 3 + 10 = 0. Let g = 4 - i. What are the prime factors of (1/g)/(4/(-24))?
3
Let o(g) = g**2 + 11*g - 15. Let s be o(-12). Suppose -2*c + h - 9 = 0, 15 = -h - 4*h. List the prime factors of (-2)/s - 8/c.
2
Suppose 0 = 3*p, p + 21 = 3*o - 0*p. Suppose -4*l + 5*c = -69, 5*l - 35 = -o*c + 3*c. List the prime factors of l.
11
Suppose -12 = -a + 2. Suppose -a - 14 = -2*d. List the prime factors of d.
2, 7
Let a = -11 + 5. Let n = -1 - a. Suppose 2*u = -4*x + 50, 3*u - n + 20 = 3*x. List the prime factors of x.
2, 5
Suppose 0 = 2*b - 4*g - 14, 3*g = -3*b + 8 + 4. Let v = b + 33. List the prime factors of v.
2, 19
Let g be 12/(-1 + 0 + 3). Suppose 3*y = -5*f - 3 - 8, -2*y - 3*f = g. What are the prime factors of y?
3
Suppose 42 = 4*q - 2*g, 6*q - q = -g + 49. Suppose 3*i + 2 = -q. Let k = i + 14. List the prime factors of k.
2, 5
Let m(n) = 6*n**2 + 10*n + 2. Let q(r) = -7*r**2 - 3*r - 7*r - r - 2. Let u(t) = -6*m(t) - 5*q(t). List the prime factors of u(-4).
2
Let c(a) = -a**3 + 2*a**2 + 2*a - 1. Let t(n) = n - 4. Let l be t(6). Let k be c(l). List the prime factors of 10/k - (-1)/(-3).
3
Suppose -y - 328 = -5*r, -204 = -4*r + r + 3*y. Suppose 4*i - 3 = r. What are the prime factors of i?
17
Let m(j) = 38*j**3 + 3*j**2 - 6*j + 1. What are the prime factors of m(2)?
5, 61
Let z(r) = 29*r**3 + r. Suppose 0 = 2*k - 3*k + 3, -11 = -m - 4*k. Let h be z(m). What are the prime factors of (5/(-15))/(2/h)?
5
Let a(n) be the third derivative of n**4/12 - n**3/6 - 2*n**2. Let f be a(6). Suppose -4*m + f = -3*m. List the prime factors of m.
11
Let n be (2/4)/((-3)/54). List the prime factors of 6*(-1 + (-33)/n).
2
Let c(l) = 2*l. Let j be c(1). List the prime factors of ((-6)/12)/(j/(-68)).
17
Let q(b) = -b**3 - 6*b**2 - 2*b - 8. Let p be q(-6). Suppose 2*o = 5*k - 72 - 7, 5*k - 97 = -p*o. What are the prime factors of k?
17
Suppose 3*f - 2 + 5 = -5*a, -a = f - 1. Suppose -w - f*w = -50. List the prime factors of w.
2, 5
Let t(s) = -2*s - 1. Let d be (-3 - -3) + 0 - -2. Suppose d*q = -5*n - 3*q - 35, -2*n - 24 = 4*q. What are the prime factors of t(n)?
3
Suppose -731 - 181 = -4*h. List the prime factors of h.
2, 3, 19
Suppose -79 = -n - 5*r + 40, -5*r = -3*n + 317. List the prime factors of n.
109
Suppose -3*j + 5*l = 32, -l = 4*j + 3*l. Let n = j - -4. List the prime factors of (-2)/(3/(-15) + n).
2, 5
Let n be 14/8 - (-3)/12. Suppose z = n*z - 5. What are the prime factors of z?
5
List the prime factors of ((-44)/3)/(2/(-3)).
2, 11
Suppose 10 = -0*l + 2*l. Suppose 0 = l*z - 10. Suppose -3*w + 60 = z*w. List the prime factors of w.
2, 3
Let b = 10 - 5. Suppose 2*y - 3 = 5, -173 = -b*m - 2*y. What are the prime factors of m?
3, 11
Suppose 92 = 4*s - 44. Suppose 3*r - s = 2. What are the prime factors of r?
2, 3
Let u be (27/(-6))/((-2)/48). Let v be (3 - 2) + (u - 3). Suppose -w = 4*w - 2*y - v, -20 = -w + y. What are the prime factors of w?
2, 11
Suppose 3*c = 5*i + 165, 3*c + 3*i - 41 = 2*c. List the prime factors of c.
2, 5
Let d = 17 + 37. List the prime factors of d/4*4/3.
2, 3
Let r be ((-8)/(-3))/((-1)/3). Let c be (-1*21)/(2/r). What are the prime factors of (-2)/(-3) + c/9?
2, 5
Suppose 2*i = 5*y - 20, 2*y - 6*y + i = -13. Let v = -26 - -31. Suppose -b = -2*q + y*b + 16, -23 = -v*q - b. List the prime factors of q.
5
What are the prime factors of (4/(-12) + 1)*51?
2, 17
Let x(a) = 4*a**3 - 7*a**2 + 6*a - 10. Let i(d) = -11*d**3 + 21*d**2 - 19*d + 29. Let p(f) = -3*i(f) - 8*x(f). List the prime factors of p(6).
11
List the prime factors of (-522)/(-16) + (-42)/(-112).
3, 11
Let x = 98 + -53. What are the prime factors of x?
3, 5
Let f = 320 - 227. What are the prime factors of f?
3, 31
Suppose -2 - 8 = -f. Let k = f + -7. Suppose 0*y + 33 = k*y. What are the prime factors of y?
11
Let y = -1 - 14. Let k be 69/y + (-2)/5. Let v = k + 7. List the prime factors of v.
2
Let u(d) = d + 2. List the prime factors of u(0).
2
Let n = 33 - 21. Suppose -3*l = -2*l - n. List the prime factors of l.
2, 3
Let h(l) = -l**2 + 6*l - 6. Let g be h(4). Suppose -g*a + 16 = -0*p - 4*p, 5*a + 5*p - 70 = 0. What are the prime factors of a?
2, 3
Let k be 2/((16/26)/4). Let l = k - 8. What are the prime factors of l?
5
Let c(y) = 10*y - 18. What are the prime factors of c(4)?
2, 11
Suppose -3*h + 20 = 110. Let s be ((-108)/10)/(9/h). Suppose -5*w = s - 96. What are the prime factors of w?
2, 3
Let d(g) = g + 4. Suppose -5*t - 9 - 11 = 0. Let c be d(t). Suppose -3*s - 2*s + 15 = c. What are the prime factors of s?
3
Suppose -2*u + 4*u = -1926. List the prime factors of 2/(-7) - u/63.
3, 5
Suppose 2*u - 3*u = -4. Suppose -2*y = u - 0, -3*y = 2*s - 44. List the prime factors of s.
5
Let p(d) = -2*d - 10. Let f = 3 - 10. Let r be p(f). Suppose -r*z + 5*s + 35 = 0, -2*z = -2*s + s - 19. What are the prime factors of z?
2, 5
Let b(w) = -w**3 + 7*w**2 + 2*w + 2. Let u be b(7). List the prime factors of u/2 - (-3)/3.
3
Suppose -17 = t - 4*o, 5*o = 8 + 2. Let z(f) = f**2 + 10*f + 11. What are the prime factors of z(t)?
2
Let g = -10 + 15. Suppose -g*m + 0*m = 0. Suppose 4*j - 6 - 2 = m. List the prime factors of j.
2
Let g be 20/(-16)*(6 - 2). Let h = 2 + g. What are the prime factors of (1/h)/((-3)/81)?
3
Let c(v) = -v + 8. Let i(w) = 3*w - 15. Let t(d) = 5*c(d) + 2*i(d). Let q = 2 - 2. List the prime factors of t(q).
2, 5
Suppose 0 = -i - 5*b - 18, -3*i + 4*i = 3*b + 6. What are the prime factors of (-3)/(2 + 9/i)?
3
Let i = 6 + -1. Suppose -i*a + 31 - 6 = 0. List the prime factors of a.
5
Let u = -7 + 5. Let i = u + 22. List the prime factors of i.
2, 5
Let a = -36 - -95. What are the prime factors of a?
59
Suppose -3*k = 2*c - 13, 5*c = -5*k + 4*k + 13. Suppose -n = 3*b + 2*b + 4, -k*n + 4*b + 83 = 0. List the prime factors of n.
3, 7
Let o = 28 + 65. What are the prime factors of o?
3, 31
Let l(t) be the first derivative of -t**3/3 + 4*t**2 - t - 3. Let h = 16 + -10. List the prime factors of l(h).
11
Suppose -13*v + 9*v + 676 = 0. What are the prime factors of v?
13
Let i = -20 - -40. Let a = -3 + 5. Suppose a*x - i = -2*t, -42 = -5*t - 17. What are the prime factors of x?
5
Let q = 11 - 19. Let b = q + 21. List the prime factors of b.
13
Let w(g) = -11*g**2 + 32*g + 1. Let m(f) = 4*f**2 - 11*f. Let c(o) = -8*m(o) - 3*w(o). Suppose 2*j + 2*j = 36. What are the prime factors of c(j)?
2, 3
Suppose 9 = 3*l + 5*q - 43, -l - 4*q + 29 = 0. Let u be (-3)/2*(-20)/6. Suppose -5*g = u*v - 35, -g = -0*g + 2*v - l. What are the prime factors of g?
5
Let c(m) = -2*m - 13. Let i be c(-9). Let w = 5 - i. Suppose t - f - 5 = w, -2*t + 3*f = -6*t + 13. What are the prime factors of t?
2
Let r(z) = -z**2 - 5*z - 1. Let a be r(-6). Let f = 4 - a. What are the prime factors of f?
11
Suppose 0 = -3*f - 45 + 177. List the prime factors of f.
2, 11